 the remainder when u is divided by c?
9
Suppose 0 = 3*q - 56 - 28. Let l = 20 - q. Calculate the remainder when l*(588/16)/(-7) is divided by 22.
20
Let g = 187 + -515. What is the remainder when 1/((20/g)/(-5)) is divided by 28?
26
Let j(y) = 19*y**2 + 25*y - 24. What is the remainder when j(1) is divided by 2?
0
Let c = -2 + 5. Let i(u) = 5*u - 2. Let t be i(-1). Let h(d) = -d - 5. What is the remainder when c is divided by h(t)?
1
Suppose 6 = r + 2*q - 4, 5*q = 2*r - 29. Let w(t) = t**2 - 10*t - 11. Suppose 0 = 3*p - 96 - 12. What is the remainder when p is divided by w(r)?
10
Suppose l - 19 = -4. What is the remainder when 99 is divided by l?
9
Let x = 954 + -917. What is the remainder when 243 is divided by x?
21
Suppose 3 = y + 8. Let o be (0 - 1 - y) + 0. Calculate the remainder when 75 is divided by 1*15 - (o + -8).
18
Let n = -10 + -3. Let o = -8 - n. Let x(r) = 3*r - 7. What is the remainder when 15 is divided by x(o)?
7
Let g(r) = -2*r**2 - 4*r - 4. Let a be g(-3). Calculate the remainder when (a - -6) + (63 - -1) is divided by 21.
18
Let v(f) = 2*f**2 - 29*f - 1. Let j be (-42)/56*(-40)/2. What is the remainder when 41 is divided by v(j)?
13
Let i = -322 - -674. What is the remainder when i is divided by 32?
0
Let a = 29 + -32. Let w(o) be the first derivative of o**3/3 - o**2 - 4*o + 1. What is the remainder when 43 is divided by w(a)?
10
Suppose 0 = a + y - 6, 8 = 4*a - 3*y - y. Suppose 2*w = -a*c + 212, 4*w + 48 = c - 14. What is the remainder when c is divided by 11?
10
Let z = 473 - 452. What is the remainder when z is divided by 15?
6
Suppose 0*w - 4*h = 5*w - 23, 0 = -2*w - h + 11. Suppose 3*q + 21 = -12. Let i(m) = m**2 + 8*m - 8. Calculate the remainder when i(q) is divided by w.
4
Let f(j) = -j + 32. Let s be f(-13). Let k = 48 - s. What is the remainder when 17 is divided by k?
2
Suppose 3*t - 39 = t - i, -3*i + 12 = t. Calculate the remainder when 75 is divided by t.
12
Suppose 2*p - 2*x - 368 = 0, -5*p + 265 + 664 = 4*x. Calculate the remainder when p is divided by 96.
89
Let u = -340 + 376. Calculate the remainder when 92 is divided by u.
20
Let w be ((-3)/(-9))/(5/60). Suppose -w*b = -0 - 24. What is the remainder when (2/b)/(2/132) is divided by 8?
6
Let s(h) = -h**2 + 23*h - 58. Calculate the remainder when 266 is divided by s(16).
50
Let v(r) = 24*r + 29. Let a be v(7). Suppose -4*o + 75 + a = -s, -2*s - 337 = -5*o. Calculate the remainder when o is divided by 24.
21
Let g(u) = -u**3 - 6*u**2 - 2*u + 5. Suppose 5*w - 20 = 0, -5*c + 2*w - 4*w - 22 = 0. Calculate the remainder when (-530)/(-8) - (c + 25/4) is divided by g(-6).
15
Let o(i) = i**3 + i**2 + 3. Let c be o(3). Let d = c + -11. Let a = 32 + 21. What is the remainder when a is divided by d?
25
Suppose -2*b = -b - 6. Suppose 2*k = 4*w + 54, 4*k - 118 = -0*w - 2*w. What is the remainder when k is divided by b?
5
Let f = 53 + -35. Let d = f - 48. What is the remainder when 44 is divided by (36/(-45))/(2/d)?
8
Suppose 11*a = -0*a + 77. Calculate the remainder when 718 is divided by a.
4
What is the remainder when 21 + -23 + (-2 - -48) is divided by 15?
14
Suppose -422 = 2*i - 5*t, 0 = -t - 4*t + 20. Let b(r) = r**3 + 8*r**2 - 13*r - 14. What is the remainder when i/(-3) + 4*-1 is divided by b(-9)?
19
Let w(z) = -10*z - 2. Let u be w(-4). Let q = -71 + u. Let a = 51 + q. What is the remainder when 51 is divided by a?
15
Let y = 0 + 2. Let u be (-7)/(-1) + y/(-1). Suppose 2*q - 5 - u = 0. Calculate the remainder when 22 is divided by q.
2
Let a be ((-1)/1)/(4/(-8)). Suppose 2*m + a = -6. Let p(y) = -y**3 - 2*y**2 - 4*y - 5. What is the remainder when p(m) is divided by 11?
10
Let x = 425 - 204. Suppose 15*i - 2*i = x. Calculate the remainder when 65 is divided by i.
14
Suppose 57*z - 100 - 1838 = 0. Suppose 0 = 2*b + b - 30. Calculate the remainder when z is divided by b.
4
Let p(w) = w**3 - 2*w. Suppose 3*g = -5*i + 12, 2*i + 12 = 4*g - 4. Let y be p(i). Suppose y = -2*o + 4*o - 26. What is the remainder when 24 is divided by o?
11
Let a(r) = r**3. Let o(c) = -c + 3. Let l be o(-1). Calculate the remainder when (-1240)/(-44) + l/(-22) is divided by a(2).
4
Suppose 0 = 6*s + 8 - 32. Suppose -250 = -6*i - s*i. What is the remainder when 48 is divided by i?
23
Let p(t) = t + 3. Let d be p(-5). Let u(q) = -12*q + 2. Calculate the remainder when u(d) is divided by ((-84)/(-16))/((-12)/(-32)).
12
Let n(z) = 39*z - 1. Suppose 11*w - 52 - 58 = 0. What is the remainder when n(1) is divided by w?
8
Let r(n) = n + 6. Let d be r(-4). Suppose 0 = -p + x + 4, x - 6*x = 2*p - 1. Calculate the remainder when 3/d*92/p is divided by 16.
14
Let x(c) = -c**2 + 11*c - 10. Suppose g + 42 = 89. What is the remainder when g is divided by x(7)?
11
Suppose 5*p - 4*n - 2717 = 0, -5*n + 9*n = 8. Calculate the remainder when p is divided by 39.
38
Calculate the remainder when (-4 - -6 - 1)*137 is divided by 10.
7
Let g = 189 + -70. Suppose -5*q = 5*t - 1 - g, 3*t = -4*q + 67. What is the remainder when t is divided by ((-3)/(-2))/(4 - (-78)/(-20))?
14
Let x = 86 + -78. Let g be (-12)/15*255/(-6). Suppose -g - 12 = -2*t. What is the remainder when t is divided by x?
7
Let m(q) = -q - 5. Let z be m(1). Let l(j) = -j**3 - 7*j**2 - 12*j - 19. What is the remainder when l(z) is divided by 9?
8
Let x = -1 + 5. Let i be (-16)/6 - x/(-6). Let h(b) = -25*b. What is the remainder when h(i) is divided by 13?
11
Suppose -g = -3*g + 126. Suppose -935 = 41*t - 96*t. Calculate the remainder when g is divided by t.
12
Let l(n) = n**3 - 4*n**2 + 11*n - 19. Calculate the remainder when 241 is divided by l(5).
58
What is the remainder when 76 is divided by 198/(-110)*(-3)/((-9)/(-5))?
1
Suppose -5*b = -2*u - 3503, -b + 34*u - 36*u = -703. Calculate the remainder when b is divided by 8.
5
Let n = -6 + 21. Suppose -285 = -3*f + 5*o, 5*f + o = -0*o + 447. Suppose -5*h + 162 = 4*x - 2*h, f = 2*x - 3*h. Calculate the remainder when x is divided by n.
12
Let l = -52 + 50. What is the remainder when (0 + 2)/(4/22) is divided by 1 - (l - -3 - 6)?
5
Let k = -2 - -4. Suppose -k*y = -44 - 48. Suppose 0 = 2*w - 186 + 162. What is the remainder when y is divided by w?
10
Suppose 2*f - 144 = 2*m, 87 = 2*f + 4*m - 69. Calculate the remainder when f is divided by 10.
4
Suppose g - 9 + 6 = 0. Suppose 6 = g*h - h. Suppose -h*u - 246 = -0*r - 4*r, -3*r + 4*u + 188 = 0. Calculate the remainder when r is divided by 31.
29
Suppose -2*t - h + 1402 = 0, -t + 4*h + 212 = -480. What is the remainder when 2 + t/16 - 2/(-8) is divided by 15?
1
Suppose -51*r = -52*r + 5, -5*m + 2*r + 45 = 0. Calculate the remainder when 183 is divided by m.
7
Let y(g) = -25 + 26 + 3*g + 7*g. Suppose -2*o - 2*o + 4 = 0. What is the remainder when 53 is divided by y(o)?
9
Let m(s) = 11*s**2 - s + 1. Let u be m(1). Let d = u + -11. What is the remainder when (-42 - d)/((-2)/1) is divided by 11?
10
Suppose -135 - 113 = -31*m. Suppose -p - 5*c = -22, 0*p = -4*p - 2*c + 88. What is the remainder when p is divided by m?
6
Suppose 4*n + 3*g - 137 - 18 = 0, -5*n = g - 191. Suppose 2*m - m = 13. What is the remainder when n is divided by m?
12
Suppose -38 = 2*d + 40. Let y = 57 + d. What is the remainder when y is divided by 7?
4
Suppose 0 = -4*i - 4*y - 12, -4*y - y + 27 = -i. Let n(h) = h**2 - 10*h - 11. Calculate the remainder when n(i) is divided by 14.
10
Let a(p) = p**3 - 7*p + 3. Let o be a(4). Suppose -6*q + 3*q = -o. What is the remainder when q is divided by 8?
5
Suppose -2*g - 6 = -5*g - 4*c, -2*g = 5*c - 4. Calculate the remainder when 84 is divided by g.
0
Let s = -2041 - -2082. Calculate the remainder when 285 is divided by s.
39
Let x(u) = -u**2 - 4*u - 3. Let j be x(-2). Suppose -4*b - o + j = -0*b, -b = 2*o + 5. Calculate the remainder when 75 is divided by (-4)/(-2) - b*-17.
18
Let u(n) = -3*n + 15. Let s be u(5). Suppose -4*y = -s*y - 92. What is the remainder when y is divided by 12?
11
Let c(w) = -2*w + 29. Let a be c(24). Suppose 4*h + 5*j = -5, j = h - 3*j - 25. Calculate the remainder when h is divided by a*(-2)/10 - 16/(-80).
1
Let x = -105 + 126. Calculate the remainder when 72 is divided by x.
9
Suppose -4*r - 15 = -7*r. Suppose -r*l + 26 = 3*p, 31 = 5*p - 0*p - 4*l. Calculate the remainder when 12 is divided by p.
5
Calculate the